{"id":715,"date":"2023-10-10T12:36:49","date_gmt":"2023-10-10T10:36:49","guid":{"rendered":"http:\/\/gteau.net\/?page_id=715"},"modified":"2023-10-10T14:27:26","modified_gmt":"2023-10-10T12:27:26","slug":"axes","status":"publish","type":"page","link":"http:\/\/gteau.net\/?page_id=715","title":{"rendered":"AXES"},"content":{"rendered":"\n<ul>\n<li>S\u00e9curit\u00e9 et Eau<\/li>\n\n\n\n<li>Gouvernance des Territoires de l\u2019Eau&nbsp;<\/li>\n\n\n\n<li>Mod\u00e9lisation des dynamiques des territoires (r\u00e9silience)<\/li>\n\n\n\n<li>Hydrologie sociale<\/li>\n\n\n\n<li>Ecosyst\u00e8mes Infrastructures vertes Patrimoine<\/li>\n\n\n\n<li>Innovation et Gestion des Connaissances<\/li>\n\n\n\n<li>Hydro syst\u00e8mes am\u00e9nag\u00e9s\u00a0<\/li>\n<\/ul>\n","protected":false},"excerpt":{"rendered":"","protected":false},"author":1,"featured_media":0,"parent":0,"menu_order":0,"comment_status":"closed","ping_status":"closed","template":"","meta":{"footnotes":""},"_links":{"self":[{"href":"http:\/\/gteau.net\/index.php?rest_route=\/wp\/v2\/pages\/715"}],"collection":[{"href":"http:\/\/gteau.net\/index.php?rest_route=\/wp\/v2\/pages"}],"about":[{"href":"http:\/\/gteau.net\/index.php?rest_route=\/wp\/v2\/types\/page"}],"author":[{"embeddable":true,"href":"http:\/\/gteau.net\/index.php?rest_route=\/wp\/v2\/users\/1"}],"replies":[{"embeddable":true,"href":"http:\/\/gteau.net\/index.php?rest_route=%2Fwp%2Fv2%2Fcomments&post=715"}],"version-history":[{"count":2,"href":"http:\/\/gteau.net\/index.php?rest_route=\/wp\/v2\/pages\/715\/revisions"}],"predecessor-version":[{"id":787,"href":"http:\/\/gteau.net\/index.php?rest_route=\/wp\/v2\/pages\/715\/revisions\/787"}],"wp:attachment":[{"href":"http:\/\/gteau.net\/index.php?rest_route=%2Fwp%2Fv2%2Fmedia&parent=715"}],"curies":[{"name":"wp","href":"https:\/\/api.w.org\/{rel}","templated":true}]}}