{"id":718,"date":"2023-10-10T12:36:49","date_gmt":"2023-10-10T10:36:49","guid":{"rendered":"http:\/\/gteau.net\/?page_id=718"},"modified":"2024-03-16T17:11:20","modified_gmt":"2024-03-16T17:11:20","slug":"metiers","status":"publish","type":"page","link":"http:\/\/gteau.net\/?page_id=718","title":{"rendered":"METIERS"},"content":{"rendered":"\n<ul>\n<li>Am\u00e9nagement des eaux<\/li>\n\n\n\n<li>Am\u00e9nagement des littoraux<\/li>\n\n\n\n<li>Gestion int\u00e9gr\u00e9e des ressources en eau<\/li>\n\n\n\n<li>Gestion des espaces c\u00f4tiers<\/li>\n\n\n\n<li>Gestion des zones humides<\/li>\n\n\n\n<li>Gestion des risques<\/li>\n\n\n\n<li>\u00c9valuation environnementale<\/li>\n\n\n\n<li>\u00c9valuation des biens et services \u00e9cosyst\u00e9miques<\/li>\n\n\n\n<li>S\u00e9curit\u00e9 alimentaire<\/li>\n\n\n\n<li>Gestion de projets territoriaux<\/li>\n<\/ul>\n","protected":false},"excerpt":{"rendered":"","protected":false},"author":1,"featured_media":0,"parent":0,"menu_order":0,"comment_status":"closed","ping_status":"closed","template":"","meta":{"footnotes":""},"_links":{"self":[{"href":"http:\/\/gteau.net\/index.php?rest_route=\/wp\/v2\/pages\/718"}],"collection":[{"href":"http:\/\/gteau.net\/index.php?rest_route=\/wp\/v2\/pages"}],"about":[{"href":"http:\/\/gteau.net\/index.php?rest_route=\/wp\/v2\/types\/page"}],"author":[{"embeddable":true,"href":"http:\/\/gteau.net\/index.php?rest_route=\/wp\/v2\/users\/1"}],"replies":[{"embeddable":true,"href":"http:\/\/gteau.net\/index.php?rest_route=%2Fwp%2Fv2%2Fcomments&post=718"}],"version-history":[{"count":2,"href":"http:\/\/gteau.net\/index.php?rest_route=\/wp\/v2\/pages\/718\/revisions"}],"predecessor-version":[{"id":823,"href":"http:\/\/gteau.net\/index.php?rest_route=\/wp\/v2\/pages\/718\/revisions\/823"}],"wp:attachment":[{"href":"http:\/\/gteau.net\/index.php?rest_route=%2Fwp%2Fv2%2Fmedia&parent=718"}],"curies":[{"name":"wp","href":"https:\/\/api.w.org\/{rel}","templated":true}]}}